r of 253731439?
False
Is 1049 a factor of 1178605112?
False
Does 601 divide 8943146?
False
Is 417 a factor of 8503600?
False
Is 51155571 a multiple of 15?
False
Is 382250746 a multiple of 4174?
True
Is 204 a factor of 1125779710?
False
Is 34878752 a multiple of 97?
False
Is 76 a factor of 430556242?
False
Does 189 divide 632906121?
False
Is 138 a factor of 212817804?
True
Is 5 a factor of 2506886?
False
Is 30154064 a multiple of 133?
False
Is 1278 a factor of 2048640390?
True
Is 205088349 a multiple of 2031?
True
Does 184 divide 115360080?
False
Is 136 a factor of 2246421?
False
Is 2196106692 a multiple of 12?
True
Is 293 a factor of 796398865?
False
Does 8 divide 818125528?
True
Is 305171645 a multiple of 43?
True
Is 527667 a multiple of 3?
True
Does 159 divide 5834805828?
True
Is 471748657 a multiple of 11?
False
Is 27964125 a multiple of 21?
True
Is 11 a factor of 64509203?
True
Is 48762294 a multiple of 45?
False
Is 32 a factor of 12792842?
False
Does 23 divide 149642439?
True
Is 6 a factor of 1770106448?
False
Is 504 a factor of 355129488?
True
Is 158098358 a multiple of 10?
False
Is 107096403 a multiple of 118?
False
Is 19 a factor of 308898447?
True
Is 5071672566 a multiple of 7951?
True
Is 369 a factor of 15034905?
True
Is 373215102 a multiple of 379?
False
Does 566 divide 6593500454?
False
Is 368 a factor of 54153408?
True
Is 3 a factor of 428438083?
False
Does 11 divide 231070743?
False
Does 41 divide 5981343?
False
Is 424 a factor of 54398776?
True
Is 6285654 a multiple of 3?
True
Is 11 a factor of 48589541?
True
Is 166 a factor of 54730710?
False
Is 9 a factor of 8708139?
True
Is 4 a factor of 3256581?
False
Does 36 divide 568269738?
False
Does 47 divide 54301403?
True
Is 4194855 a multiple of 69?
True
Is 132 a factor of 264796752?
True
Is 10 a factor of 22650030?
True
Is 327 a factor of 467270783?
False
Is 2071774277 a multiple of 1965?
False
Is 8025398 a multiple of 3?
False
Is 4910385922 a multiple of 3419?
False
Is 56 a factor of 537487048?
True
Is 263387449 a multiple of 353?
False
Is 2228564101 a multiple of 1630?
False
Is 103 a factor of 413576621?
True
Does 118 divide 27860156?
False
Is 165 a factor of 7956795?
True
Does 958 divide 277759646?
True
Is 221 a factor of 576231443?
False
Is 477296238 a multiple of 3?
True
Is 581964048 a multiple of 54?
True
Does 1330 divide 405102040?
True
Does 192 divide 1259637696?
True
Does 332 divide 124882588?
False
Is 682937024 a multiple of 2224?
True
Is 15 a factor of 146842318?
False
Is 28299936 a multiple of 483?
True
Is 59 a factor of 2114088?
True
Is 18485688 a multiple of 1324?
True
Is 18 a factor of 75309390?
True
Is 29331948 a multiple of 131?
True
Is 55 a factor of 12679894?
False
Does 175 divide 6342286?
False
Is 37263408 a multiple of 624?
True
Is 1197 a factor of 19344264?
False
Does 29 divide 165759041?
True
Does 1481 divide 119885469?
True
Is 3957111 a multiple of 3?
True
Is 20 a factor of 4971182980?
True
Does 7 divide 25949077?
True
Is 11 a factor of 1881156206?
False
Does 580 divide 163898715?
False
Is 164276576 a multiple of 32?
True
Is 48892872 a multiple of 42?
True
Is 2166 a factor of 169972272?
False
Does 32 divide 29396608?
True
Is 4775 a factor of 522604650?
True
Is 485 a factor of 78036957?
False
Does 6 divide 12675096?
True
Is 26 a factor of 19122558?
True
Does 91 divide 1134394989?
True
Is 66838548 a multiple of 95?
False
Does 2189 divide 1721322339?
True
Is 5676906720 a multiple of 3264?
False
Is 28 a factor of 4969465071?
False
Is 51351510 a multiple of 201?
False
Does 3 divide 108956484?
True
Is 28009800 a multiple of 200?
True
Is 12 a factor of 255294612?
True
Is 43275834 a multiple of 411?
True
Is 4341494 a multiple of 17?
True
Is 2695985760 a multiple of 390?
True
Is 20 a factor of 2313100?
True
Is 1531 a factor of 45392455?
False
Is 24837124 a multiple of 5?
False
Is 3223195207 a multiple of 1832?
False
Does 47 divide 194623146?
True
Is 21 a factor of 1153630?
False
Does 495 divide 118596060?
True
Does 320 divide 605915605?
False
Is 37311219 a multiple of 9?
True
Is 73 a factor of 19955718?
True
Is 8774397 a multiple of 51?
True
Is 609 a factor of 85260000?
True
Does 54 divide 162854806?
False
Is 2642 a factor of 359942261?
False
Is 884798280 a multiple of 180?
True
Does 5586 divide 62926342?
False
Is 4959 a factor of 638295359?
False
Is 28768432 a multiple of 1402?
False
Does 2957 divide 192562797?
True
Is 205 a factor of 114604840?
True
Is 55952669 a multiple of 25?
False
Does 22 divide 8718952?
True
Is 7232418 a multiple of 2721?
True
Does 125 divide 1918833500?
True
Is 20735403 a multiple of 13?
True
Is 419 a factor of 24925891?
True
Is 234 a factor of 50576058?
True
Is 271528712 a multiple of 832?
False
Is 1318266 a multiple of 216?
False
Is 138952755 a multiple of 5?
True
Does 10 divide 20575650?
True
Does 36 divide 11918124?
True
Is 3031371169 a multiple of 53?
False
Is 623 a factor of 333025998?
False
Is 7 a factor of 88689902?
True
Does 63 divide 25360393?
False
Is 56344833 a multiple of 332?
False
Does 2113 divide 151254879?
True
Does 2569 divide 15575847?
True
Is 2097 a factor of 94455171?
True
Is 2375216528 a multiple of 248?
True
Does 14 divide 788917596?
False
Does 1031 divide 386862130?
True
Is 15290368 a multiple of 625?
False
Does 62 divide 11637276?
True
Is 59 a factor of 26044599?
False
Is 15 a factor of 49141307?
False
Does 43 divide 684309310?
True
Is 104 a factor of 208859664?
True
Does 19 divide 7431356?
True
Does 701 divide 587055254?
True
Is 535 a factor of 42923050?
True
Is 13 a factor of 4574970?
False
Is 208378944 a multiple of 64?
True
Is 72 a factor of 1474992144?
True
Is 18 a factor of 43387110?
True
Does 57 divide 23507484?
True
Is 15342563 a multiple of 311?
True
Is 9320054 a multiple of 65?
False
Does 90 divide 27951132?
False
Does 578 divide 1422867711?
False
Is 5709 a factor of 177029687?
False
Does 3 divide 1973242?
False
Does 12 divide 35577910?
False
Does 240 divide 40686480?
True
Is 134842565 a multiple of 715?
True
Is 37097024 a multiple of 751?
False
Does 2224 divide 17447280?
True
Is 2404618280 a multiple of 4883?
False
Is 7341811 a multiple of 2?
False
Is 740 a factor of 12153020?
True
Is 1497193777 a multiple of 310?
False
Is 8708924 a multiple of 14?
True
Does 2189 divide 140212017?
True
Is 40811917 a multiple of 74?
False
Does 229 divide 980453652?
False
Is 263124079 a multiple of 12?
False
Does 17 divide 17474848?
False
Is 63855640 a multiple of 8?
True
Is 1163841792 a multiple of 384?
True
Does 108 divide 168075179?
False
Is 187 a factor of 2158187383?
True
Does 8 divide 25814008?
True
Does 16 divide 398433200?
True
Is 4461804 a multiple of 3?
True
Is 91519722 a multiple of 7?
True
Is 26028451 a multiple of 5?
False
Is 30130344 a multiple of 107?
True
Does 51 divide 175876253?
False
Does 96 divide 124374230?
False
Is 385793727 a multiple of 3543?
True
Is 313 a factor of 8365238?
True
Is 2128 a factor of 294521584?
True
Is 18 a factor of 970541442?
True
Does 14 divide 56242830?
True
Does 21 divide 329992089?
True
Does 3 divide 4050963?
True
Is 1412 a factor of 73840540?
True
Does 599 divide 2983214?
False
Is 2232993375 a multiple of 45?
True
Does 15 divide 54138937?
False
Does 2430 divide 398223540?
True
Does 3795 divide 690860278?
False
Does 11 divide 62877859?
True
Does 67 divide 45615318?
False
Is 49148140 a multiple of 86?
True
Is 548476594 a multiple of 562?
True
Does 1298 divide 4850626?
True
Is 264740582 a multiple of 5?
False
Is 6914960 a multiple of 10?
True
Does 107 divide 22038362?
True
Is 1597 a factor of 3643160742?
False
Is 36874049 a multiple of 38?
False
Is 199069947 a multiple of 27?
True
Does 14 divide 176428126?
True
Is 778983880 a multiple of 40?
True
Is 45 a factor of 55480590?
True
Is 13298501 a multiple of 5?
False
Does 5101 divide 595868273?
False
Does 49 divide 203262972?
False
Is 36433903 a multiple of 11?
True
Is 16 a factor of 1206929806?
False
Is 362270337 a multiple of 11?
True
Is 269 a factor of 15962998?
True
Does 935 divide 45822480?
True
Is 30099859 a multiple of 137?
True
Is 137152626 a multiple of 3198?
True
Is 318 a factor of 153011106?
True
Is 9 a factor of 412815582?
True
Does 8 divide 21507904?
True
Does 56 divide 11857104?
True
Is 32 a factor of 33762038?
False
I